 v(h) = h**2 - 7*h. What is v(r)?
-6
Let s(g) = 2*g**2 - 7*g + 1. Let i be s(3). Let k(r) = 3*r + 3. Give k(i).
-3
Let d be 48/10 - 6/(-30). Let x = 0 - -2. Let y = d - x. Let b(r) = r**2 - 5*r + 1. Determine b(y).
-5
Let v(i) = -2*i + 2. Let q be (-1)/((-1)/8*2). Give v(q).
-6
Let z(s) = -29*s. Suppose 8*q = -3 - 5. What is z(q)?
29
Let k(f) = 5 + 31*f + 5*f**2 - 10*f**2 - f**3 - 23*f. Let p = -11 - -21. Suppose p + 8 = -3*u. Calculate k(u).
-7
Let m(y) = 6*y**2 + 24*y - 6. Let l be m(-4). Let u(b) = -3*b - 3. Calculate u(l).
15
Suppose -5*p = -47 + 7. Suppose -16 = -5*n + 2*m, -p = 4*n + 3*m - 30. Let z be n/(-10) + (-85)/(-25). Let o(f) = -f**3 + 2*f**2 + 3*f + 2. Give o(z).
2
Let c(t) = -5*t + t**2 + 0*t**2 - 5 + 6*t + 2. Let r be c(-4). Let v(m) = -m**2 - 4*m - 1 + r*m + 0*m. Determine v(3).
5
Let b(i) be the first derivative of 2*i**3/3 - 3*i**2/2 - 3*i + 5. Let o = 8 + -5. Determine b(o).
6
Suppose -6*h = -3*h - 6. Let y(a) = -4*a - 1. Let i(k) = -k. Let u(j) = 15*i(j) - 3*y(j). What is u(h)?
-3
Suppose 0 = 5*d - 6 - 4. Let w(r) = -r**3 + 6*r**d - 7*r + 4 + 2 + 1. What is w(5)?
-3
Suppose 4*a = -0*a + 8. Let b(k) = 2*k**2 - 3*k**2 - 2*k**2 + 2*k**a - 5*k. Give b(-5).
0
Suppose -5*y - 8 + 23 = 0. Let n(t) = 2*t + 2. Give n(y).
8
Let a(u) = -2*u**2 + u. Let o be (-2)/9 - 114/(-27). Suppose 0 = 4*q + 2*v, -o = -2*v + 4. Let i be 2 - (0/q - -1). What is a(i)?
-1
Let i be (2/(-5))/((-2)/10). Suppose 0 = i*q - 5*q. Let j(u) = 6*u**3 - 5*u**2 - u - 6. Let r(p) = -p**3 + p**2. Let x(h) = j(h) + 5*r(h). Give x(q).
-6
Let l(p) = -2*p**2 + 3*p**3 + 2*p**2 - 4*p**3 + 3 - 2*p**2. Let k be l(0). Let o(x) = -x**2 + 2*x - 3. Calculate o(k).
-6
Let b(c) = 4*c + 1. Let g be b(1). Let o(x) = x + 3. Give o(g).
8
Let f(w) = 28*w**2 + 7*w - 59*w**2 + 32*w**2 + 4. Let c = -5 - 1. Determine f(c).
-2
Let u(o) = -o**3 + 2*o**2 + 2*o. Let s be (3/(-9)*-3)/(2/6). Determine u(s).
-3
Let r be (4/10)/((-8)/(-20)). Let b(x) = -x. Calculate b(r).
-1
Let f(d) = 8*d**3 + d**2 - 1. Let z be (-52)/(-44) + (-8)/44. Determine f(z).
8
Let v(c) = c. Suppose -5 - 7 = -4*d. Suppose -z - 2*z = -m - 1, -m - z = -d. Give v(m).
2
Suppose j - 17 = -15. Let o(p) be the first derivative of -1/2*p**j - 3 + 11*p. Give o(0).
11
Let n = 6 - 0. Let p(i) = -2*i + n*i + i + 2*i**2 - i. Suppose -g - 5 = -2. What is p(g)?
6
Suppose -o - o = -4*w - 32, -4*w + 3*o = 34. Let c(g) = -g**2 - 7*g - 7. Determine c(w).
-7
Let i(n) = -159*n**2 + 4*n + 80*n**2 + 80*n**2. Let l be (-80)/(-45) + (-4)/(-18). Let f be (-3)/((1 - -1)/l). Calculate i(f).
-3
Let j(c) = -c**3 + 2*c - 7. Let y(d) = d**2 + 1. Let p(u) = -j(u) - 4*y(u). Calculate p(4).
-5
Let f(s) = 8*s - 23*s + 14*s. Give f(-7).
7
Suppose -4*p + 12 - 4 = 0. Suppose -3*v + p*v = -4. Suppose -3*g = -v*g. Let f(k) = k + 4. Determine f(g).
4
Let q(m) be the third derivative of -m**6/120 + m**5/12 + m**4/12 + 7*m**3/6 - 11*m**2. Calculate q(5).
17
Suppose 3*a = -r + 5*r - 6, 3*a = r + 3. Suppose -5*n = -3*n - a*k - 14, 2*k + 10 = 0. Let s(g) = -1 + 0*g**2 + g**n - 2*g**2. Give s(0).
-1
Let z = -13 - -8. Let x(j) = -j**3 - 5*j**2 - 4*j - 1. Let y be x(-4). Let g = y - z. Let v(k) = k**2 - 3*k + 1. Calculate v(g).
5
Suppose -2*j + 5*d - 3*d = -24, 5*d + 32 = j. Let r(o) = o - 10. What is r(j)?
-3
Let i(r) = r**2 + 3. Let o(m) = m**3 - 3*m**2 - 8. Let f(l) = 8*i(l) + 3*o(l). Let z = -4 - -3. Calculate f(z).
-4
Suppose -8*r = -3*r - 5. Let p(f) be the first derivative of f + r + 4*f**2 - 3*f**2 + 0*f. What is p(1)?
3
Let b = 14 - 10. Let n be b/(-22) + (-46)/(-11). Let k(j) = j**2 - 2*j - 1. Give k(n).
7
Let s(a) = -a**3 + 3*a**3 + a - 2*a**2 + 1 - 4*a**3 + 3*a**2. Calculate s(-1).
3
Let y(c) = -c**3 - 2*c**2 - 3*c. Suppose 10 = -4*g - g. Determine y(g).
6
Let f(y) = y**2 - y - 2. Let l(z) = -z**2 + z + 2. Let w(x) = 2*f(x) + 3*l(x). What is w(4)?
-10
Let r(n) = -4*n + 1 + 3*n - 3*n + n. What is r(-1)?
4
Let y(g) be the first derivative of -g**3/3 - 9*g**2/2 - 9*g - 11. Give y(-8).
-1
Let b(c) = -c + 1. Let t(r) be the second derivative of -5*r**3/6 + 2*r**2 - 4*r. Suppose 4 = -3*l - l. Let w(j) = l*t(j) + 6*b(j). Give w(-5).
7
Let r(q) = -q**2. Let f = 13 + -9. Let i(j) = -5*j**2 - 6*j - 3. Let l(n) = f*r(n) - i(n). Determine l(-6).
3
Suppose 2*d = 4*o - 10, -2*o + o = 5*d - 8. Let a(h) = -h**3 + 3*h**2 - h + 2. What is a(o)?
-1
Let z(w) = -w**2 + 3*w - 1. Let j = -26 + 16. Let x be 4/(-10)*j*1. Calculate z(x).
-5
Let w be 0/(-1 - (-3)/(-3)). Let l(i) = w*i**3 - i**3 + i**2 + 4*i**2 - 7 + 0*i**3. What is l(5)?
-7
Let k(h) = 5*h + 3. Suppose 0 = -4*f - 17 + 9. Calculate k(f).
-7
Let v be ((-4)/(-6) - -4)/((-2)/(-3)). Let m(t) = -t**2 + 5*t - 1. Give m(v).
-15
Let p(j) be the third derivative of j**6/120 + 7*j**5/60 + j**4/24 + 7*j**3/6 + 9*j**2. Determine p(-7).
0
Let z(y) = -y - 3. Let b = -13 - -12. Suppose 7*t + 8 = 3*t. Let m = t + b. Calculate z(m).
0
Let k(x) = -2*x + 5 + 0*x**2 + x**2 - 2*x + 10*x. Determine k(-6).
5
Let m(y) be the third derivative of y**5/60 + y**4/24 - y**3/6 - 11*y**2 + 3. Calculate m(1).
1
Let f(b) = -8*b**2 + 5*b + 1. Let v = 16 - 17. Let q(t) = -t. Let h(m) = v*f(m) - 6*q(m). What is h(1)?
8
Let j be (10 - 9) + (5 - 0). Let q = 0 - j. Let l(i) = -i**2 - 6*i - 3. Give l(q).
-3
Let y(r) = 2. Let j(s) = 2*s - 5. Let o(b) = -j(b) - 2*y(b). Determine o(5).
-9
Let z(d) = -1. Let r(o) = -1. Let w(g) = -2*r(g) + z(g). Let s(f) = 2*f**2 + 2. Let x(j) = s(j) - 3*w(j). What is x(-1)?
1
Let n(s) = -2*s**2 + 4*s - 5. Let w(q) = 3*q**2 - 9*q + 11. Let d = 4 - 0. Let f(k) = d*w(k) + 9*n(k). Suppose -1 = -m - 2. Determine f(m).
-7
Let r(q) be the second derivative of q**4/12 + q**3/6 + 3*q**2 + q. Suppose 1 = 2*y - 5. Suppose 0 = -y*n + 2*n. Give r(n).
6
Let n(i) = -i**2 - 2*i - 2. Suppose -6*h = -2*h + 36. Let q(c) = 5*c**2 + 7*c + 9. Let k(x) = h*n(x) - 2*q(x). Determine k(5).
-5
Let p(g) = g. Let k(c) = 6*c + 4. Let d(n) = -k(n) + 5*p(n). Let v = -17 + 18. Suppose 5*b = 5*s + 25, -2*s - 5*b + 5 - v = 0. What is d(s)?
-1
Let z(l) be the first derivative of l**2/2 + 6*l + 3. What is z(0)?
6
Let p(s) = 2*s**2 - 8*s + 5. Let x(w) = 2*w**2 - 8*w + 5. Let c(z) = 4*p(z) - 5*x(z). Determine c(5).
-15
Let b = -15 - -3. Let c(d) = d + 17. Let f(h) = 3*h + 42. Let j(v) = b*c(v) + 5*f(v). What is j(-4)?
-6
Let w = 0 - -2. Suppose -w*x = -x + 3. Let g(v) = -4*v**2 - v - 4*v + 3*v**3 - 4*v**3 - 1 + 3*v. Give g(x).
-4
Let v(r) = r**2 - 3*r. Suppose -4*g + 4 + 4 = 0. Suppose -3*j - 35 = g*j. Let a = j + 10. Give v(a).
0
Suppose 6*v + 2 - 32 = 0. Let j(f) = -f + 4. What is j(v)?
-1
Suppose -m = 4*x - 14, 3*x = -2*m - 3*m + 2. Let v(c) = 2*c. Give v(x).
8
Let o(f) = -f**2 - f + 1. Suppose 0 = -5*x + 6*x + 3, -4*x - 8 = 2*i. Calculate o(i).
-5
Let x(l) = 2*l - 8*l**3 - 3*l**2 - 1 + 5*l**3 + l**3 + 3*l**3. What is x(3)?
5
Let n(k) = -3*k**2 + 8*k - 7. Let x(b) = -4*b**2 + 12*b - 10. Let p(r) = -7*n(r) + 5*x(r). Let m = -3 + -5. Let l be m/(-12)*(-3 - 0). Give p(l).
-5
Let k be (-2)/(-3) + 32/24. Let q(d) be the second derivative of -d**3/2 + d**2/2 - 16*d. What is q(k)?
-5
Let y be 2 - (-2 - 1) - 1. Let x(v) be the first derivative of -v**5/120 + v**4/8 - v**3/3 - 2. Let u(o) be the third derivative of x(o). Calculate u(y).
-1
Let f(v) = -4*v + 16. Let j(d) be the third derivative of -d**4/24 + 2*d**3/3 - 6*d**2. Let o(y) = 2*f(y) - 9*j(y). Suppose s = -3*s - 20. What is o(s)?
-9
Let o(y) = -y - 2. Suppose 0 = -0*f - 2*f + 4. Let u(x) = x - 7. Let t be u(8). Let l be t + 2/(0 - f). Determine o(l).
-2
Let m = 18 - 21. Let q(k) = 4*k + 1 + 3 + k**2 - 1. Give q(m).
0
Let f be (-8)/(-28) - (-5)/7. Let j(n) = -f + 6*n - n - 1. Let h(d) = 3*d - 1. Let r(t) = 11*h(t) - 6*j(t). Calculate r(-1).
-2
Suppose 0 = -4*w + 2*w + 14. Let s(h) be the first derivative of -h**3/3 + 7*h**2/2 + 3*h + 46. Calculate s(w).
3
Let j(h) = -2*h + 5. Suppose -7 - 8 = -3*k. Determine j(k).
-5
Suppose 3*c + 12 = -c, 3 = 5*n + 4*c. Suppose 2*v - 24 = -n*l - 7, 13 = -l + 4*v. Suppose 0 = -3*t - 0 - l. Let m(w) = 3*w**3 + 2*w + 1. What is m(t)?
-4
Let c(o) = -2*o**2 - 1 - 3*o**2 - 1 + 6*o**2 - 3*o. Let g(q) = -q**3 + 11*q**2 + 11*q + 10. Let l be g(12). Give c(l).
8
Let y(u) = -3*u - 6. Let b(z) = 18*z**2 + z + 2. Let j be b(-1). Let t = j + -23. What is y(t)?
6
Let i(k) = 6*k - 7. Supp